 = p + 496742 + 561194. Is q a composite number?
True
Suppose -63*c = -4784069 - 6998135 - 11749367. Is c a prime number?
True
Let l be 1 + 7/(-5) + (-256)/(-40). Let q be (l/4)/(6/8). Suppose -3 = -q*v + 7, -5*v = y - 71. Is y a prime number?
False
Let n = 63447 + -26858. Is n prime?
False
Let r = 12 - 7. Suppose -38 = r*u - 153. Suppose u*p + 3285 = 32*p. Is p a composite number?
True
Let b = 441 + -813. Let n = b + 94. Let u = -123 - n. Is u composite?
True
Let b = 46 - 39. Let s be (27/(-15))/(b/(-105)). Suppose 30*x - 753 = s*x. Is x a prime number?
True
Suppose -4*s = 12*s + 22432. Is s*((-28)/(-7) - 5) a composite number?
True
Let z = 0 + 1. Let m = 746 + -582. Is -3 - (4 - z - m) composite?
True
Suppose -13*u = 7*u - 1929380. Is u a composite number?
False
Let d(v) = 335*v + 3775. Let u be d(8). Suppose -5*s + 4 = -0*t + 2*t, -3*t = s - 6. Suppose s = 10*p - u - 1455. Is p prime?
False
Suppose -2*k + 2 = 0, -4*h - 5*k = 5 - 26. Suppose h*n + 13 = 5*o - 17, o - 22 = 4*n. Suppose p - o*l = -0*p + 133, 2*p + 5*l - 239 = 0. Is p a prime number?
True
Let o = 4973 + 5988. Is o prime?
False
Let x(g) = 8*g - 16. Let z(d) = 17*d - 33. Let i(a) = -13*x(a) + 6*z(a). Let h be i(-2). Is ((-1 - 0) + 6471)/(h + -12) a prime number?
False
Let t be 17/(-4) + (-2 - 30/(-24)). Let p be (-1 - (t - -3))*0/2. Suppose 0 = 4*s, p*x + 371 = x - s. Is x a composite number?
True
Let v be (-15)/(-10)*6 + -5. Suppose v*a - 20 = 0, -2*w + 4*a + 14353 = w. Is w a composite number?
True
Let s be (-64)/672 - (-54787)/(-21). Is 1*(-7 - -6)*s prime?
True
Let m(t) = -t + 2605. Let d(r) = r**3 - 3*r**2 + r - 3. Let v be d(3). Let w be m(v). Suppose c - 5*c - 3*u = -10459, w = c + 4*u. Is c a composite number?
False
Suppose 0 = -234*h + 145*h + 118*h - 4150799. Is h prime?
False
Let w(k) = -k**3 - 6*k**2 - 8*k - 1. Let t be w(-4). Let f(i) = 109*i**2 - 4*i - 2. Is f(t) prime?
False
Let f = -39 - -44. Suppose 3*o + x = -o + 121, 5*o - 140 = -f*x. Let z = 102 - o. Is z composite?
False
Suppose -36*z + 5179620 = 24*z. Is z composite?
True
Is (-248314 - 1)*1083/(-285) composite?
True
Let v(s) be the third derivative of 931*s**4/8 - 4*s**3/3 + 34*s**2. Let m be v(2). Suppose 29*x = 27*x + m. Is x composite?
False
Let g(h) be the first derivative of h**3 - 25*h**2 + 66*h + 157. Is g(-27) a composite number?
True
Let m be 6*2/(-12)*4. Let o be (0*m/(-20))/3. Suppose 2094 = 2*l - 3*a, o*a - 2*a = l - 1033. Is l a prime number?
False
Suppose 3*z + 4729 = 2*i, z = 4*z + 4*i + 4735. Let d = z - -2836. Is d composite?
False
Let s be 1*2 + (-10017)/(-8 + 5). Let i = -1704 + s. Is i composite?
False
Suppose 213*d = 207*d + 2718. Let u = 866 + d. Is u a prime number?
True
Suppose -60*u = 92508 - 1153368. Is u composite?
False
Let r(m) = -m**2 - 13*m - 6. Let f be r(-6). Suppose -45*d + 47799 = -f*d. Is d composite?
True
Suppose -427*g + 416*g = 22. Suppose 4*k + 805 = -523. Is k/(-4) + g/(-1) prime?
False
Let o be (1/(-3))/(3/(-99)). Let x(i) be the second derivative of i**4/6 - 17*i**3/6 + 19*i**2/2 + 2*i + 233. Is x(o) a prime number?
False
Suppose -q - 3*n = -70678, -23*q + 25*q + 5*n = 141356. Is q prime?
False
Let u = 1432 + 3377. Suppose -u = -2*w - 703. Is w prime?
True
Let s be 3*(6 + -5)*29240/12. Let n = -4875 + s. Is n prime?
False
Suppose -2*d + 9 = d + 3*g, 2*d = -5*g + 15. Suppose -2*z + 730 = -3*v, 4*z + 3*v = -d*v + 1496. Is z a prime number?
False
Let g(s) = -7*s**2 + 49*s + 8. Let n be g(-21). Let r be ((-1)/(-2))/((-13)/n). Suppose b - 3*d - r = 0, 0*b + 5*d = b - 164. Is b a prime number?
True
Let k be 6/15 + 2443/5. Suppose -18 = -a + 20*h - 15*h, 0 = 5*a + 2*h - 9. Suppose -5*g - 5*v = -815, a*g - 5*v - k = -2*v. Is g composite?
False
Suppose -2*v = 2*t - 181462, 5*v + 2*t - 453640 = -0*t. Let x(f) = -f**3 + 71*f**2 - 157*f + 1321. Let g be x(69). Suppose 0 = -g*d + v - 10136. Is d composite?
False
Suppose -17*u + 6*u = -24882. Let a = u - -64. Is a a composite number?
True
Let i = 109896 + -63701. Is i prime?
False
Suppose -3*f + 35207 = b, -23*f + 6 = -20*f. Is b a prime number?
True
Is (-72)/(-468) + (252/39)/(-3) - -78693 prime?
True
Let j(l) = -l**3 - 19*l**2 + 30*l + 2. Suppose -22*o - 206 - 256 = 0. Is j(o) prime?
False
Let j be 8/10 - 48/60. Suppose j = w - 19*w + 31626. Is w a composite number?
True
Let r(x) be the first derivative of x**4/4 + 4*x**3/3 + x**2/2 - 3*x - 9. Let g be r(-2). Let i(m) = 2*m**2 - 6*m + 22. Is i(g) prime?
False
Let p = 2834 - 993. Let q = 3306 - p. Is q prime?
False
Let h = 2531267 - 1617078. Is h a composite number?
False
Let x = 119 + -91. Suppose x*b - 26*b = 4618. Is b composite?
False
Let t = 481 + 7561. Let c = t - 3079. Is c a prime number?
False
Suppose 5*m - 4*u = 15539937, 4*m - 4*u = 18285837 - 5853893. Is m prime?
False
Suppose 823 + 47 = -10*z. Let m = 166 + z. Suppose -3*j + 888 = -i, -2*j = 4*i - 499 - m. Is j composite?
True
Suppose -42 = 2*z - q, z + 5*q = -0*z + 1. Let k = z - -24. Suppose 2*h - 16 = -r, k*h - r - 21 - 33 = 0. Is h a composite number?
True
Suppose 0 = -g + 4*v - 3*v + 1, 5*g + 4*v - 14 = 0. Is 5155 + g + 5 + -1 a prime number?
False
Let d(i) = -1935*i + 336. Is d(-47) a composite number?
True
Let i(c) = -147*c - 9. Let n be i(-6). Let a = 1788 - n. Suppose j + a = 4*j. Is j a prime number?
False
Let g(i) = 7985*i - 130. Let s be g(11). Suppose 11*v + s = 56*v. Is v composite?
False
Let l(k) = 1148*k**2 + 20*k + 53. Is l(-16) a composite number?
False
Let h = -297014 - -422877. Is h a prime number?
True
Suppose -27933 = -3*u + 3*i, -10540 - 26701 = -4*u + 5*i. Suppose 12 = 4*x, -6*x - 5*x + 128 = 5*v. Suppose -77535 = -v*a + u. Is a composite?
True
Let r(o) = -5*o**2 + 30 - 11 - 17. Let g be r(2). Let n(b) = 4*b**2 - 6*b - 43. Is n(g) a prime number?
True
Let d be (-1)/3 + 5066/6. Let i = -4820 + 4824. Suppose 0 = -k - i*k + 4*l + 1055, -4*k + d = 5*l. Is k a prime number?
True
Let p = 47 + -61. Let u = 18 + p. Suppose -5*o = u*g - 797, 0*o + o - 403 = -2*g. Is g a prime number?
False
Suppose -2*v = 4*z + 8, -2*v - 84*z + 87*z + 6 = 0. Let i(y) = -7*y + 7463. Is i(v) a composite number?
True
Suppose -135*b + 4625421 = 174*b. Is b a composite number?
False
Let y be 15/(6 + -3) - 1. Suppose -2 = y*b - 18, -4*i - b = -32040. Is i a composite number?
False
Suppose -5*i + 3646 = 1236. Suppose 3*n + 2*u - i = 0, -4*u = 5*n - u - 802. Is n a prime number?
False
Let p = 406 + -22. Let g = p + 48. Let n = -215 + g. Is n prime?
False
Let d be (-18)/(-5) - (-27)/(-45). Suppose -m - 4904 = -d*f, 2*f + m - 468 = 2793. Suppose -461 + f = 4*s + 5*w, -293 = -s - 4*w. Is s a prime number?
True
Suppose 299*g + 984012 = 3*a + 304*g, a - 328012 = g. Is a a prime number?
False
Let r = 25274 - 2008. Is r a composite number?
True
Let s be ((6 - 3) + 1)/(6/55773). Suppose 20*h + s = 26*h. Is h a composite number?
False
Is (-61585014)/(-354) + (-4)/(-118) prime?
True
Let h = -90 + 93. Suppose -4*j = h*q - 2335, 0 = 4*j + 8. Is q composite?
True
Suppose -4*l + l = 69. Suppose 5*t + 47 = -3*p, -7*p - 2*t = -2*p + 91. Is (153 - -1) + (p - l) prime?
False
Let k = 2719087 - 1938318. Is k a prime number?
False
Let k be -17*(1 + 0 + 1). Let c = k + 297. Is c a composite number?
False
Let h = -168197 + 243256. Is h prime?
False
Let h = 445 + -438. Suppose 7*o = 2*o + 25. Suppose -h*m + 5*m + 3*w + 892 = 0, -o*w = -2*m + 888. Is m composite?
False
Suppose -w + a - 28 = 0, 0*a = w - 4*a + 28. Let o = 56 + w. Let t = o + 11. Is t composite?
True
Suppose -8*m + 4*m = -8, i - 2*m = 0. Suppose 4*r + 5*u - 2010 = -r, 0 = -2*r - i*u + 802. Is r a prime number?
False
Let t(b) = 169*b + 67*b - 7 + 0 - 1. Let a be t(10). Suppose 3320 = 4*n - a. Is n prime?
False
Suppose 1501669 - 4336380 = -47*m. Is m a prime number?
False
Suppose 5*c = 4*l - 250157, -140*l + 5*c = -142*l + 125041. Is l prime?
True
Suppose 8498647 = 209*x + 2580117 - 10636987. Is x a prime number?
False
Suppose 5248 = 4*z - 3*d, 3*d + 4778 = 5*z - 1782. Is (-12 + 6 - -9) + z prime?
False
Let s = -8075 + 1272. Let y = -4518 - s. Is y composite?
True
Let l = 63472 - 34571. Is l a prime number?
True
Let w(g) = -44070*g**3 + 13*g**2 + 109*g + 351. Is w(-4) a prime number?
False
Suppose -10*h + 25 = -2985. Suppose 4*k - 976 = -2*s, 5*k - 1273 = -2*s - h. Suppose -5*f = -s -